a + 4*t = -50. Calculate the remainder when z(5) is divided by a.
12
Suppose 0 = 2*u + 11 - 41. Suppose -5*o + 9 = -2*v - 143, 0 = -5*o + 3*v + 148. Let h = -3 + o. Calculate the remainder when h is divided by u.
14
Let p = 1 + -1. Let f be 3 - (p/1)/(-1). What is the remainder when 11 is divided by (-3 - f)/((-6)/4)?
3
Suppose 3*r - 2*v - 117 = v, 0 = 4*r + v - 156. Let x(n) = 2*n**2 + n - 1. What is the remainder when r is divided by x(3)?
19
Suppose 2*l - 4*r - 29 = 17, -3*l + 61 = -2*r. What is the remainder when 54 is divided by l?
16
Let s(h) = h**2 - 7*h. Let o be s(8). Suppose -4*u - 56 = -0*a - 3*a, -5*a = 0. Let d = o - u. What is the remainder when d is divided by 12?
10
Suppose 3*i - 2 = 2*i - 2*v, 0 = -3*i + v + 34. Calculate the remainder when 48 is divided by i.
8
Suppose 5*q + 33 - 158 = 0. Calculate the remainder when q is divided by 6*1/4*6.
7
Let j(f) = -3*f + 8. Calculate the remainder when j(-3) is divided by 6.
5
Let k = -39 - -69. Suppose 0*j - 4*j + 47 = 5*a, 3*j - 15 = 3*a. What is the remainder when k is divided by j?
6
Suppose 4*m - 2*q = 2*q + 20, 0 = -m + 5*q + 5. Suppose -4*t = -3*t + m*x, -5*x = -4*t + 75. Calculate the remainder when 29 is divided by t.
14
Let b = 127 + -80. Calculate the remainder when b is divided by 12.
11
What is the remainder when 107 is divided by -1*(-2 + (-23 - 2))?
26
Let g = 6 + -6. Suppose -v + 2 + 14 = g. Calculate the remainder when 31 is divided by v.
15
Suppose 5*j - 190 = -5*s, -5*j + 153 = 4*s + 1. What is the remainder when s is divided by 7?
3
Let a(c) = -c + 24. Calculate the remainder when (0 - -2*1) + 54 is divided by a(5).
18
Let m = 91 + -84. Calculate the remainder when 19 is divided by m.
5
Suppose -5*z + 4*f = 53, -32 = -z + 3*z + 2*f. Suppose -64 + 7 = -3*b. Calculate the remainder when b is divided by (z + -2)*2/(-6).
4
What is the remainder when 13 is divided by 3/((27/(-4))/(-9))?
1
Let a(k) = k**3 + 5*k**2 - 3*k - 4. Let f be a(-6). Let d = 24 + f. What is the remainder when 6 is divided by d?
0
Let d = 7 + -7. What is the remainder when 3 + (39 + 2 - d) is divided by 15?
14
Suppose 0*l + 4*c = -l + 6, 4*c - 30 = -5*l. Calculate the remainder when 40 is divided by l.
4
Suppose 138 = 5*s - 3*x, 6*x - x - 140 = -4*s. Let q(j) be the third derivative of j**4/24 + 5*j**3/6 - j**2. Calculate the remainder when s is divided by q(6).
8
Let b = 73 + -44. Let n be (-2)/8 - 35/4. What is the remainder when b is divided by 13 + n/(-2 - 1)?
13
Let n = -3 - -8. Let w(s) = -s**2 - s - 6. Let z be w(5). Calculate the remainder when n is divided by z/(-15) + 4/(-10).
1
Let s(j) = 2*j - 3. Let m be s(5). Suppose 0 = g - 5*r - m, r = 2*g - 4*r - 29. Calculate the remainder when 63 is divided by g.
19
Let r(h) = 9*h**2 + 7*h + 7. Let l(g) = 17*g**2 + 13*g + 13. Let d(o) = 6*l(o) - 11*r(o). What is the remainder when 29 is divided by d(2)?
14
Let j(m) = -m + 20. What is the remainder when j(0) is divided by (2 + 0 - 0) + 5?
6
Let n = 64 - 31. What is the remainder when n is divided by 12?
9
Let q(t) be the third derivative of -5*t**4/12 + t**2. Let a be q(-2). What is the remainder when 4 is divided by 36/a + (-1)/(-5)?
0
Let a = 0 + 15. What is the remainder when 44 is divided by a?
14
Suppose 2*u - 30 - 70 = 0. What is the remainder when u is divided by 13?
11
Let z = 164 - 135. What is the remainder when z is divided by 5?
4
Suppose 4*i = 2*i + 20. Calculate the remainder when 14 is divided by i.
4
What is the remainder when 51 is divided by 24/36*(37 - 2/(-1))?
25
Suppose -93 = -4*d - 1. Calculate the remainder when d is divided by 13.
10
Let g be -4 + (-6)/(-2) + 2. Let k be 6*g*(-3)/(-6). Calculate the remainder when 1/k*(32 + -2) is divided by 6.
4
Let h = -8 + 14. Calculate the remainder when 14 is divided by h.
2
Let h(z) = z**2 + 10*z - 4. Let g(m) = -m**3 + 5*m**2 - m - 6. Let o be g(5). Calculate the remainder when 25 is divided by h(o).
4
Let z(r) = r**3 + 4*r**2 - 5*r + 2. Let v be z(-5). Suppose v*h + 30 = 4*h. Let t = 26 - 18. Calculate the remainder when h is divided by t.
7
Let z(y) = 7*y**2 - 13*y - 1. Let a(d) = 3*d**2 - 6*d - 1. Let k(l) = 10*a(l) - 4*z(l). Calculate the remainder when k(6) is divided by 10.
8
Suppose -4*p + 25 = 3*q, -5*q - p + 20 = -3*q. Calculate the remainder when 163 is divided by q.
9
Let g be 16/24*45/2. Suppose -l = -5*m - 12, -5*l - 2*m + 48 = g. Calculate the remainder when l is divided by 2.
1
Suppose -2*x = 3*a - 3*x - 13, 4*x = 4*a - 28. Suppose 4*d + d - a*v - 32 = 0, -4*d + 23 = -5*v. What is the remainder when (-19)/2*(-3 - -1) is divided by d?
5
Let n(j) = 3*j**2 - 5*j - 3. Let b be n(4). Let i = 49 - b. Calculate the remainder when i is divided by 9.
6
Let t = 0 + 4. Calculate the remainder when (t - -1)*(7 - 1) is divided by 16.
14
Let d(g) be the third derivative of g**5/15 - g**4/6 + g**3/2 - 4*g**2. Let x be d(3). Suppose -3 = -2*u + x. What is the remainder when 28 is divided by u?
13
What is the remainder when (-50)/7*(-91)/13 is divided by -1 - (-20 + (-2 - -4))?
16
Let m = -12 - -34. What is the remainder when 87 is divided by m?
21
Let v(t) = t**3 + 5*t**2 - t - 3. Let p be v(-5). Suppose 2*r + p*k - 20 = 0, 0*k + 22 = 3*r - k. What is the remainder when r is divided by 5?
3
Let m(h) = 3*h**2 + 16*h - 9. Let y be m(-12). Let r = 2 - 3. What is the remainder when 31 is divided by (r/(-3))/(7/y)?
9
Let n = 13 - 5. Calculate the remainder when 23 is divided by n.
7
Suppose -3*t = t + 16. Let h(w) = -2*w - 3. Calculate the remainder when 13 is divided by h(t).
3
Suppose -15*x + 11*x + 36 = 0. Calculate the remainder when 33 is divided by x.
6
Let j(n) = n + 1. Let x be j(-1). Suppose -5*c + 192 = -t, x = -2*c + 4*t - t + 82. What is the remainder when c is divided by (13/(-2))/(1/(-2))?
12
Let i(l) = -3*l - 9. Let a be i(-5). Suppose -o = -3*o + a. Calculate the remainder when 9 is divided by o.
0
Suppose 3*f - 69 = 87. What is the remainder when f/6 + 1/3 is divided by (0 - 1) + (6 - 0)?
4
Let g = -84 + 48. Let d be -1 + 2*(-1 + 0). What is the remainder when g/(d*1/2) is divided by 13?
11
Let g(r) = -r**2 - 6*r - 1. Let y be (-1 + 1 - 2) + -3. Calculate the remainder when 5 is divided by g(y).
1
Suppose -146 + 14 = -4*h. What is the remainder when h is divided by 9?
6
Let s = -59 + 112. Calculate the remainder when s is divided by 6.
5
Suppose -q = -w + 4*q + 46, 0 = -5*w + 2*q + 207. Let r = w - 21. What is the remainder when r is divided by 8?
4
Suppose -4*c + 4*q - 2*q = -12, -4*c - q = -6. Let g(h) = h**3 - 2*h**2 - h + 11. What is the remainder when (-61)/(-2) - c/(-4) is divided by g(0)?
9
Suppose 0 = 8*h - 2*h - 42. Let k(g) = 7*g - 3. What is the remainder when k(3) is divided by h?
4
Let r(t) = 22*t - 1. Let g be r(2). Suppose 3*f = -5*w + 26, -6 + g = 5*f + 2*w. Calculate the remainder when 41/3 + (-10)/15 is divided by f.
6
Let l be 1/(-4) + (-455)/4. Let u = -75 - l. What is the remainder when u is divided by 8?
7
Let j = 21 - 15. Calculate the remainder when 17 is divided by j.
5
Let l be 6/(-9) - (-24)/9. Suppose -29 = -3*m - 5*d - 111, -l*m = 3*d + 54. What is the remainder when 5 is divided by ((-4)/16)/(2/m)?
2
Let v(n) = -n**2 - 4*n + 1. Let w be v(-8). Let c = 120 + w. What is the remainder when c is divided by 23?
20
Suppose -5*u + 26 = b - 4*u, 2*u = 4*b - 92. Let k(l) = 2*l + 1. Calculate the remainder when b is divided by k(4).
6
Let y(h) = h**3 + 5*h**2 - 2*h - 5. Calculate the remainder when y(-5) is divided by 5.
0
Let m = 194 - 170. Calculate the remainder when m is divided by 9.
6
Suppose 0 = -o - 2*o - 3. Let z be (-11 - 0)*(-2 + o). Suppose a + 4*a + y = z, 0 = a - 2*y. Calculate the remainder when 11 is divided by a.
5
Let g be 60/33 - (-2)/11. Suppose -x = -t - 4*t - 42, -g*t - 27 = -x. Calculate the remainder when 33 is divided by x.
16
Let c(y) = y - 4. Let w be c(0). Let p = -4 - w. Suppose -39 = -2*t - p*j - 3*j, j - 65 = -5*t. Calculate the remainder when t is divided by 7.
5
Let z(c) = -2*c**2 + 7*c + 31. What is the remainder when 2/(-3) - 17/(-3) is divided by z(6)?
0
Suppose -r = -4*r. Suppose j + r*j = 18. What is the remainder when 70 is divided by j?
16
Let u = -1 - 1. Let p be u/4 - 39/(-6). Let j = p - 4. Calculate the remainder when 4 is divided by j.
0
Let x = -85 + 136